{"id":202,"date":"2023-12-01T13:48:44","date_gmt":"2023-12-01T12:48:44","guid":{"rendered":"https:\/\/gemaeldegalerie.dessau-rosslau.de\/?page_id=202"},"modified":"2026-08-11T16:18:47","modified_gmt":"2026-08-11T14:18:47","slug":"veranstaltungen","status":"publish","type":"page","link":"https:\/\/gemaeldegalerie-dessau-rosslau-de.datel-dessau.de\/?page_id=202","title":{"rendered":"Veranstaltungen"},"content":{"rendered":"\t\t<div data-elementor-type=\"wp-page\" data-elementor-id=\"202\" class=\"elementor elementor-202\" data-elementor-post-type=\"page\">\n\t\t\t\t\t\t\t<div class=\"elementor-element elementor-element-8ca037a e-con-full e-flex e-con e-parent\" data-id=\"8ca037a\" data-element_type=\"container\" data-settings=\"{&quot;content_width&quot;:&quot;full&quot;}\" data-core-v316-plus=\"true\">\n\t\t\t\t<div class=\"elementor-element elementor-element-fd72f60 elementor-widget elementor-widget-heading\" data-id=\"fd72f60\" data-element_type=\"widget\" data-widget_type=\"heading.default\">\n\t\t\t\t<div class=\"elementor-widget-container\">\n\t\t\t<style>\/*! elementor - v3.17.0 - 08-11-2023 *\/\n.elementor-heading-title{padding:0;margin:0;line-height:1}.elementor-widget-heading .elementor-heading-title[class*=elementor-size-]>a{color:inherit;font-size:inherit;line-height:inherit}.elementor-widget-heading .elementor-heading-title.elementor-size-small{font-size:15px}.elementor-widget-heading .elementor-heading-title.elementor-size-medium{font-size:19px}.elementor-widget-heading .elementor-heading-title.elementor-size-large{font-size:29px}.elementor-widget-heading .elementor-heading-title.elementor-size-xl{font-size:39px}.elementor-widget-heading .elementor-heading-title.elementor-size-xxl{font-size:59px}<\/style><h2 class=\"elementor-heading-title elementor-size-default\">Unsere Veranstaltungen<\/h2>\t\t<\/div>\n\t\t\t\t<\/div>\n\t\t\t\t<div class=\"elementor-element elementor-element-0542d4e elementor-widget elementor-widget-text-editor\" data-id=\"0542d4e\" data-element_type=\"widget\" data-widget_type=\"text-editor.default\">\n\t\t\t\t<div class=\"elementor-widget-container\">\n\t\t\t<style>\/*! elementor - v3.17.0 - 08-11-2023 *\/\n.elementor-widget-text-editor.elementor-drop-cap-view-stacked .elementor-drop-cap{background-color:#69727d;color:#fff}.elementor-widget-text-editor.elementor-drop-cap-view-framed .elementor-drop-cap{color:#69727d;border:3px solid;background-color:transparent}.elementor-widget-text-editor:not(.elementor-drop-cap-view-default) .elementor-drop-cap{margin-top:8px}.elementor-widget-text-editor:not(.elementor-drop-cap-view-default) .elementor-drop-cap-letter{width:1em;height:1em}.elementor-widget-text-editor .elementor-drop-cap{float:left;text-align:center;line-height:1;font-size:50px}.elementor-widget-text-editor .elementor-drop-cap-letter{display:inline-block}<\/style>\t\t\t\t\t\t\t\t\t\t<\/div>\n\t\t\t\t<\/div>\n\t\t\t\t<div class=\"elementor-element elementor-element-e351801 elementor-widget elementor-widget-text-editor\" data-id=\"e351801\" data-element_type=\"widget\" data-widget_type=\"text-editor.default\">\n\t\t\t\t<div class=\"elementor-widget-container\">\n\t\t\t\t\t\t\t\t\t\t\t\t\t<\/div>\n\t\t\t\t<\/div>\n\t\t\t\t<div class=\"elementor-element elementor-element-99d46a8 elementor-widget elementor-widget-text-editor\" data-id=\"99d46a8\" data-element_type=\"widget\" data-widget_type=\"text-editor.default\">\n\t\t\t\t<div class=\"elementor-widget-container\">\n\t\t\t\t\t\t\t<p><strong>Mittwoch, 5. August, 14.00 &#8211; 15.30 Uhr:\u00a0<\/strong><br \/>ein Ferienangebot f\u00fcr Kinder ab 6 Jahren mit einer erwachsenen Begleitperson<\/p><p><strong>Befl\u00fcgelt<\/strong><br \/>Bei einem Rundgang durch die Dauerausstellung entdecken wir Tiere und andere Lebewesen mit Fl\u00fcgeln. Wie unterscheiden sich die Fl\u00fcgel voneinander? Im Blumengartenhaus denken wir uns Fl\u00fcgel f\u00fcr ein mitgebrachtes Kuscheltier aus.<\/p><p><strong>Mittwoch, 9. September, 14.00 \u2013 16.00 Uhr: <br \/>Kunst am Nachmittag<\/strong> &#8211; ein kreatives Angebot f\u00fcr Erwachsene<\/p><p><strong>Sonnabend, 19. September, 14.00 &#8211; 17.00 Uhr:<\/strong> Ich zeichne mir ein Tier &#8211; ein Zeichenworkshop f\u00fcr Kinder ab 7 Jahren in Kooperation mit dem Tierpark Dessau<\/p><p><strong>Tiergeschichten &#8211; zeichnen, h\u00f6ren, erz\u00e4hlen<\/strong><br \/>Welche Geschichten erz\u00e4hlen Tiere und wie klingt das wohl? Wir entdecken auf den Gem\u00e4lden in der Gem\u00e4ldegalerie und im Tierpark verschiedene laute und leise Tiergeschichten. Mit Stift und Papier halten wir unsere Beobachtungen fest. Aus Zeichnung, Klang und Sprache gestalten wir unsere eigene Bildgeschichte.\u00a0<\/p><p><strong>Sonntag, 20. September,<br \/><\/strong>Kunst im Park &#8211; ein museumsp\u00e4dagogisches Angebot<\/p><p>10:30 Uhr: f\u00fcr Kinder ab 4 Jahren<br \/>13:00 Uhr: f\u00fcr Kinder ab 7 Jahren<\/p><p><strong>Bett, Tisch, Stuhl<br \/><\/strong>In der neuen Sonderausstellung \u201eKonservator und Modernist. Ludwig Grote und das Dessauer Bauhaus\u201c entdecken wir unterschiedliche M\u00f6bel und richten schlie\u00dflich unsere Traumwohnung ein.<\/p><p><strong>Mittwoch, 23. September, 14.00 &#8211; 17.00 Uhr:<\/strong> onecoffeeonesketch<\/p><p>Pack dein Skizzenbuch ein und lass dich von der Sonderausstellung \u201eKonservator und Modernist. Ludwig Grote und das Dessauer Bauhaus\u201c zu eigenen Zeichnungen inspirieren.\u00a0<\/p><p><strong>Sonntag, 04. Oktober,<br \/><\/strong>Kunst im Park &#8211; ein museumsp\u00e4dagogisches Angebot<\/p><p>10:30 Uhr: f\u00fcr Kinder ab 4 Jahren<br \/>13:00 Uhr: f\u00fcr Kinder ab 7 Jahren<\/p><p><strong>Befl\u00fcgelt<br \/><\/strong>Auf den Gem\u00e4lden begegnen uns unterschiedliche Tiere und Menschen mit Fl\u00fcgeln. Wie unterscheiden sich die Fl\u00fcgel voneinander? Im Blumengartenhaus denken wir uns Fl\u00fcgel f\u00fcr ein mitgebrachtes Kuscheltier aus.<\/p><p><strong>Mittwoch, 7. Oktober, 14.00 \u2013 16.00 Uhr: <br \/>Kunst am Nachmittag<\/strong> &#8211; ein kreatives Angebot f\u00fcr Erwachsene<\/p><p><strong>Mittwoch, 4. November, 14.00 \u2013 16.00 Uhr: <br \/>Kunst am Nachmittag<\/strong> &#8211; ein kreatives Angebot f\u00fcr Erwachsene<\/p><p><strong>Sonntag, 15. November,<br \/><\/strong>Kunst im Park &#8211; ein museumsp\u00e4dagogisches Angebot<\/p><p>10:30 Uhr: f\u00fcr Kinder ab 4 Jahren<br \/>13:00 Uhr: f\u00fcr Kinder ab 7 Jahren<\/p><p><strong>Bildgeschichten<br \/><\/strong>Viele Gem\u00e4lde erz\u00e4hlen uns Geschichten aus l\u00e4ngst vergangenen Zeiten. Wir erz\u00e4hlen die Geschichten weiter, malen klitzekleine Bilder und werfen sie riesengro\u00df an die Wand.<\/p><p><strong>Anmeldung f\u00fcr Veranstaltungen der Gem\u00e4ldegalerie per Mail an: gemaeldegalerie@dessau-rosslau.de, telefonisch in der Museumsverwaltung unter 0<span class=\"phone\">340 6612600<\/span> oder direkt an der Museumskasse im Schloss Georgium<\/strong><\/p>\t\t\t\t\t\t<\/div>\n\t\t\t\t<\/div>\n\t\t\t\t<\/div>\n\t\t<div class=\"elementor-element elementor-element-e469207 e-flex e-con-boxed e-con e-parent\" data-id=\"e469207\" data-element_type=\"container\" data-settings=\"{&quot;content_width&quot;:&quot;boxed&quot;}\" data-core-v316-plus=\"true\">\n\t\t\t\t\t<div class=\"e-con-inner\">\n\t\t\t\t<div class=\"elementor-element elementor-element-d4e4932 elementor-widget-divider--view-line elementor-widget elementor-widget-divider\" data-id=\"d4e4932\" data-element_type=\"widget\" data-widget_type=\"divider.default\">\n\t\t\t\t<div class=\"elementor-widget-container\">\n\t\t\t<style>\/*! elementor - v3.17.0 - 08-11-2023 *\/\n.elementor-widget-divider{--divider-border-style:none;--divider-border-width:1px;--divider-color:#0c0d0e;--divider-icon-size:20px;--divider-element-spacing:10px;--divider-pattern-height:24px;--divider-pattern-size:20px;--divider-pattern-url:none;--divider-pattern-repeat:repeat-x}.elementor-widget-divider .elementor-divider{display:flex}.elementor-widget-divider .elementor-divider__text{font-size:15px;line-height:1;max-width:95%}.elementor-widget-divider .elementor-divider__element{margin:0 var(--divider-element-spacing);flex-shrink:0}.elementor-widget-divider .elementor-icon{font-size:var(--divider-icon-size)}.elementor-widget-divider .elementor-divider-separator{display:flex;margin:0;direction:ltr}.elementor-widget-divider--view-line_icon .elementor-divider-separator,.elementor-widget-divider--view-line_text .elementor-divider-separator{align-items:center}.elementor-widget-divider--view-line_icon .elementor-divider-separator:after,.elementor-widget-divider--view-line_icon .elementor-divider-separator:before,.elementor-widget-divider--view-line_text .elementor-divider-separator:after,.elementor-widget-divider--view-line_text .elementor-divider-separator:before{display:block;content:\"\";border-bottom:0;flex-grow:1;border-top:var(--divider-border-width) var(--divider-border-style) var(--divider-color)}.elementor-widget-divider--element-align-left .elementor-divider .elementor-divider-separator>.elementor-divider__svg:first-of-type{flex-grow:0;flex-shrink:100}.elementor-widget-divider--element-align-left .elementor-divider-separator:before{content:none}.elementor-widget-divider--element-align-left .elementor-divider__element{margin-left:0}.elementor-widget-divider--element-align-right .elementor-divider .elementor-divider-separator>.elementor-divider__svg:last-of-type{flex-grow:0;flex-shrink:100}.elementor-widget-divider--element-align-right .elementor-divider-separator:after{content:none}.elementor-widget-divider--element-align-right .elementor-divider__element{margin-right:0}.elementor-widget-divider:not(.elementor-widget-divider--view-line_text):not(.elementor-widget-divider--view-line_icon) .elementor-divider-separator{border-top:var(--divider-border-width) var(--divider-border-style) var(--divider-color)}.elementor-widget-divider--separator-type-pattern{--divider-border-style:none}.elementor-widget-divider--separator-type-pattern.elementor-widget-divider--view-line .elementor-divider-separator,.elementor-widget-divider--separator-type-pattern:not(.elementor-widget-divider--view-line) .elementor-divider-separator:after,.elementor-widget-divider--separator-type-pattern:not(.elementor-widget-divider--view-line) .elementor-divider-separator:before,.elementor-widget-divider--separator-type-pattern:not([class*=elementor-widget-divider--view]) .elementor-divider-separator{width:100%;min-height:var(--divider-pattern-height);-webkit-mask-size:var(--divider-pattern-size) 100%;mask-size:var(--divider-pattern-size) 100%;-webkit-mask-repeat:var(--divider-pattern-repeat);mask-repeat:var(--divider-pattern-repeat);background-color:var(--divider-color);-webkit-mask-image:var(--divider-pattern-url);mask-image:var(--divider-pattern-url)}.elementor-widget-divider--no-spacing{--divider-pattern-size:auto}.elementor-widget-divider--bg-round{--divider-pattern-repeat:round}.rtl .elementor-widget-divider .elementor-divider__text{direction:rtl}.e-con-inner>.elementor-widget-divider,.e-con>.elementor-widget-divider{width:var(--container-widget-width,100%);--flex-grow:var(--container-widget-flex-grow)}<\/style>\t\t<div class=\"elementor-divider\">\n\t\t\t<span class=\"elementor-divider-separator\">\n\t\t\t\t\t\t<\/span>\n\t\t<\/div>\n\t\t\t\t<\/div>\n\t\t\t\t<\/div>\n\t\t\t\t\t<\/div>\n\t\t\t\t<\/div>\n\t\t\t\t\t\t\t<\/div>\n\t\t","protected":false},"excerpt":{"rendered":"<p>Unsere Veranstaltungen Mittwoch, 5. August, 14.00 &#8211; 15.30 Uhr:\u00a0ein Ferienangebot f\u00fcr Kinder ab 6 Jahren mit einer erwachsenen Begleitperson Befl\u00fcgeltBei einem Rundgang durch die Dauerausstellung entdecken wir Tiere und andere Lebewesen mit Fl\u00fcgeln. Wie unterscheiden sich die Fl\u00fcgel voneinander? Im Blumengartenhaus denken wir uns Fl\u00fcgel f\u00fcr ein mitgebrachtes Kuscheltier aus. Mittwoch, 9. September, 14.00 \u2013 [&hellip;]<\/p>\n","protected":false},"author":1,"featured_media":0,"parent":0,"menu_order":0,"comment_status":"closed","ping_status":"closed","template":"","meta":{"footnotes":""},"class_list":["post-202","page","type-page","status-publish","hentry"],"_links":{"self":[{"href":"https:\/\/gemaeldegalerie-dessau-rosslau-de.datel-dessau.de\/index.php?rest_route=\/wp\/v2\/pages\/202","targetHints":{"allow":["GET"]}}],"collection":[{"href":"https:\/\/gemaeldegalerie-dessau-rosslau-de.datel-dessau.de\/index.php?rest_route=\/wp\/v2\/pages"}],"about":[{"href":"https:\/\/gemaeldegalerie-dessau-rosslau-de.datel-dessau.de\/index.php?rest_route=\/wp\/v2\/types\/page"}],"author":[{"embeddable":true,"href":"https:\/\/gemaeldegalerie-dessau-rosslau-de.datel-dessau.de\/index.php?rest_route=\/wp\/v2\/users\/1"}],"replies":[{"embeddable":true,"href":"https:\/\/gemaeldegalerie-dessau-rosslau-de.datel-dessau.de\/index.php?rest_route=%2Fwp%2Fv2%2Fcomments&post=202"}],"version-history":[{"count":433,"href":"https:\/\/gemaeldegalerie-dessau-rosslau-de.datel-dessau.de\/index.php?rest_route=\/wp\/v2\/pages\/202\/revisions"}],"predecessor-version":[{"id":2566,"href":"https:\/\/gemaeldegalerie-dessau-rosslau-de.datel-dessau.de\/index.php?rest_route=\/wp\/v2\/pages\/202\/revisions\/2566"}],"wp:attachment":[{"href":"https:\/\/gemaeldegalerie-dessau-rosslau-de.datel-dessau.de\/index.php?rest_route=%2Fwp%2Fv2%2Fmedia&parent=202"}],"curies":[{"name":"wp","href":"https:\/\/api.w.org\/{rel}","templated":true}]}}

<div data-elementor-type="wp-page" data-elementor-id="202" class="elementor elementor-202" data-elementor-post-type="page">
							<div class="elementor-element elementor-element-8ca037a e-con-full e-flex e-con e-parent" data-id="8ca037a" data-element_type="container" data-settings="{&quot;content_width&quot;:&quot;full&quot;}" data-core-v316-plus="true">
				<div class="elementor-element elementor-element-fd72f60 elementor-widget elementor-widget-heading" data-id="fd72f60" data-element_type="widget" data-widget_type="heading.default">
				<div class="elementor-widget-container">
			<style>/*! elementor - v3.17.0 - 08-11-2023 */
.elementor-heading-title{padding:0;margin:0;line-height:1}.elementor-widget-heading .elementor-heading-title[class*=elementor-size-]>a{color:inherit;font-size:inherit;line-height:inherit}.elementor-widget-heading .elementor-heading-title.elementor-size-small{font-size:15px}.elementor-widget-heading .elementor-heading-title.elementor-size-medium{font-size:19px}.elementor-widget-heading .elementor-heading-title.elementor-size-large{font-size:29px}.elementor-widget-heading .elementor-heading-title.elementor-size-xl{font-size:39px}.elementor-widget-heading .elementor-heading-title.elementor-size-xxl{font-size:59px}</style><h2 class="elementor-heading-title elementor-size-default">Unsere Veranstaltungen</h2>		</div>
				</div>
				<div class="elementor-element elementor-element-0542d4e elementor-widget elementor-widget-text-editor" data-id="0542d4e" data-element_type="widget" data-widget_type="text-editor.default">
				<div class="elementor-widget-container">
			<style>/*! elementor - v3.17.0 - 08-11-2023 */
.elementor-widget-text-editor.elementor-drop-cap-view-stacked .elementor-drop-cap{background-color:#69727d;color:#fff}.elementor-widget-text-editor.elementor-drop-cap-view-framed .elementor-drop-cap{color:#69727d;border:3px solid;background-color:transparent}.elementor-widget-text-editor:not(.elementor-drop-cap-view-default) .elementor-drop-cap{margin-top:8px}.elementor-widget-text-editor:not(.elementor-drop-cap-view-default) .elementor-drop-cap-letter{width:1em;height:1em}.elementor-widget-text-editor .elementor-drop-cap{float:left;text-align:center;line-height:1;font-size:50px}.elementor-widget-text-editor .elementor-drop-cap-letter{display:inline-block}</style>										</div>
				</div>
				<div class="elementor-element elementor-element-e351801 elementor-widget elementor-widget-text-editor" data-id="e351801" data-element_type="widget" data-widget_type="text-editor.default">
				<div class="elementor-widget-container">
													</div>
				</div>
				<div class="elementor-element elementor-element-99d46a8 elementor-widget elementor-widget-text-editor" data-id="99d46a8" data-element_type="widget" data-widget_type="text-editor.default">
				<div class="elementor-widget-container">
							<p><strong>Mittwoch, 5. August, 14.00 &#8211; 15.30 Uhr: </strong><br />ein Ferienangebot für Kinder ab 6 Jahren mit einer erwachsenen Begleitperson</p><p><strong>Beflügelt</strong><br />Bei einem Rundgang durch die Dauerausstellung entdecken wir Tiere und andere Lebewesen mit Flügeln. Wie unterscheiden sich die Flügel voneinander? Im Blumengartenhaus denken wir uns Flügel für ein mitgebrachtes Kuscheltier aus.</p><p><strong>Mittwoch, 9. September, 14.00 – 16.00 Uhr: <br />Kunst am Nachmittag</strong> &#8211; ein kreatives Angebot für Erwachsene</p><p><strong>Sonnabend, 19. September, 14.00 &#8211; 17.00 Uhr:</strong> Ich zeichne mir ein Tier &#8211; ein Zeichenworkshop für Kinder ab 7 Jahren in Kooperation mit dem Tierpark Dessau</p><p><strong>Tiergeschichten &#8211; zeichnen, hören, erzählen</strong><br />Welche Geschichten erzählen Tiere und wie klingt das wohl? Wir entdecken auf den Gemälden in der Gemäldegalerie und im Tierpark verschiedene laute und leise Tiergeschichten. Mit Stift und Papier halten wir unsere Beobachtungen fest. Aus Zeichnung, Klang und Sprache gestalten wir unsere eigene Bildgeschichte. </p><p><strong>Sonntag, 20. September,<br /></strong>Kunst im Park &#8211; ein museumspädagogisches Angebot</p><p>10:30 Uhr: für Kinder ab 4 Jahren<br />13:00 Uhr: für Kinder ab 7 Jahren</p><p><strong>Bett, Tisch, Stuhl<br /></strong>In der neuen Sonderausstellung „Konservator und Modernist. Ludwig Grote und das Dessauer Bauhaus“ entdecken wir unterschiedliche Möbel und richten schließlich unsere Traumwohnung ein.</p><p><strong>Mittwoch, 23. September, 14.00 &#8211; 17.00 Uhr:</strong> onecoffeeonesketch</p><p>Pack dein Skizzenbuch ein und lass dich von der Sonderausstellung „Konservator und Modernist. Ludwig Grote und das Dessauer Bauhaus“ zu eigenen Zeichnungen inspirieren. </p><p><strong>Sonntag, 04. Oktober,<br /></strong>Kunst im Park &#8211; ein museumspädagogisches Angebot</p><p>10:30 Uhr: für Kinder ab 4 Jahren<br />13:00 Uhr: für Kinder ab 7 Jahren</p><p><strong>Beflügelt<br /></strong>Auf den Gemälden begegnen uns unterschiedliche Tiere und Menschen mit Flügeln. Wie unterscheiden sich die Flügel voneinander? Im Blumengartenhaus denken wir uns Flügel für ein mitgebrachtes Kuscheltier aus.</p><p><strong>Mittwoch, 7. Oktober, 14.00 – 16.00 Uhr: <br />Kunst am Nachmittag</strong> &#8211; ein kreatives Angebot für Erwachsene</p><p><strong>Mittwoch, 4. November, 14.00 – 16.00 Uhr: <br />Kunst am Nachmittag</strong> &#8211; ein kreatives Angebot für Erwachsene</p><p><strong>Sonntag, 15. November,<br /></strong>Kunst im Park &#8211; ein museumspädagogisches Angebot</p><p>10:30 Uhr: für Kinder ab 4 Jahren<br />13:00 Uhr: für Kinder ab 7 Jahren</p><p><strong>Bildgeschichten<br /></strong>Viele Gemälde erzählen uns Geschichten aus längst vergangenen Zeiten. Wir erzählen die Geschichten weiter, malen klitzekleine Bilder und werfen sie riesengroß an die Wand.</p><p><strong>Anmeldung für Veranstaltungen der Gemäldegalerie per Mail an: gemaeldegalerie@dessau-rosslau.de, telefonisch in der Museumsverwaltung unter 0<span class="phone">340 6612600</span> oder direkt an der Museumskasse im Schloss Georgium</strong></p>						</div>
				</div>
				</div>
		<div class="elementor-element elementor-element-e469207 e-flex e-con-boxed e-con e-parent" data-id="e469207" data-element_type="container" data-settings="{&quot;content_width&quot;:&quot;boxed&quot;}" data-core-v316-plus="true">
					<div class="e-con-inner">
				<div class="elementor-element elementor-element-d4e4932 elementor-widget-divider--view-line elementor-widget elementor-widget-divider" data-id="d4e4932" data-element_type="widget" data-widget_type="divider.default">
				<div class="elementor-widget-container">
			<style>/*! elementor - v3.17.0 - 08-11-2023 */
.elementor-widget-divider{--divider-border-style:none;--divider-border-width:1px;--divider-color:#0c0d0e;--divider-icon-size:20px;--divider-element-spacing:10px;--divider-pattern-height:24px;--divider-pattern-size:20px;--divider-pattern-url:none;--divider-pattern-repeat:repeat-x}.elementor-widget-divider .elementor-divider{display:flex}.elementor-widget-divider .elementor-divider__text{font-size:15px;line-height:1;max-width:95%}.elementor-widget-divider .elementor-divider__element{margin:0 var(--divider-element-spacing);flex-shrink:0}.elementor-widget-divider .elementor-icon{font-size:var(--divider-icon-size)}.elementor-widget-divider .elementor-divider-separator{display:flex;margin:0;direction:ltr}.elementor-widget-divider--view-line_icon .elementor-divider-separator,.elementor-widget-divider--view-line_text .elementor-divider-separator{align-items:center}.elementor-widget-divider--view-line_icon .elementor-divider-separator:after,.elementor-widget-divider--view-line_icon .elementor-divider-separator:before,.elementor-widget-divider--view-line_text .elementor-divider-separator:after,.elementor-widget-divider--view-line_text .elementor-divider-separator:before{display:block;content:"";border-bottom:0;flex-grow:1;border-top:var(--divider-border-width) var(--divider-border-style) var(--divider-color)}.elementor-widget-divider--element-align-left .elementor-divider .elementor-divider-separator>.elementor-divider__svg:first-of-type{flex-grow:0;flex-shrink:100}.elementor-widget-divider--element-align-left .elementor-divider-separator:before{content:none}.elementor-widget-divider--element-align-left .elementor-divider__element{margin-left:0}.elementor-widget-divider--element-align-right .elementor-divider .elementor-divider-separator>.elementor-divider__svg:last-of-type{flex-grow:0;flex-shrink:100}.elementor-widget-divider--element-align-right .elementor-divider-separator:after{content:none}.elementor-widget-divider--element-align-right .elementor-divider__element{margin-right:0}.elementor-widget-divider:not(.elementor-widget-divider--view-line_text):not(.elementor-widget-divider--view-line_icon) .elementor-divider-separator{border-top:var(--divider-border-width) var(--divider-border-style) var(--divider-color)}.elementor-widget-divider--separator-type-pattern{--divider-border-style:none}.elementor-widget-divider--separator-type-pattern.elementor-widget-divider--view-line .elementor-divider-separator,.elementor-widget-divider--separator-type-pattern:not(.elementor-widget-divider--view-line) .elementor-divider-separator:after,.elementor-widget-divider--separator-type-pattern:not(.elementor-widget-divider--view-line) .elementor-divider-separator:before,.elementor-widget-divider--separator-type-pattern:not([class*=elementor-widget-divider--view]) .elementor-divider-separator{width:100%;min-height:var(--divider-pattern-height);-webkit-mask-size:var(--divider-pattern-size) 100%;mask-size:var(--divider-pattern-size) 100%;-webkit-mask-repeat:var(--divider-pattern-repeat);mask-repeat:var(--divider-pattern-repeat);background-color:var(--divider-color);-webkit-mask-image:var(--divider-pattern-url);mask-image:var(--divider-pattern-url)}.elementor-widget-divider--no-spacing{--divider-pattern-size:auto}.elementor-widget-divider--bg-round{--divider-pattern-repeat:round}.rtl .elementor-widget-divider .elementor-divider__text{direction:rtl}.e-con-inner>.elementor-widget-divider,.e-con>.elementor-widget-divider{width:var(--container-widget-width,100%);--flex-grow:var(--container-widget-flex-grow)}</style>		<div class="elementor-divider">
			<span class="elementor-divider-separator">
						</span>
		</div>
				</div>
				</div>
					</div>
				</div>
							</div>

<p>Unsere Veranstaltungen Mittwoch, 5. August, 14.00 &#8211; 15.30 Uhr: ein Ferienangebot für Kinder ab 6 Jahren mit einer erwachsenen Begleitperson BeflügeltBei einem Rundgang durch die Dauerausstellung entdecken wir Tiere und andere Lebewesen mit Flügeln. Wie unterscheiden sich die Flügel voneinander? Im Blumengartenhaus denken wir uns Flügel für ein mitgebrachtes Kuscheltier aus. Mittwoch, 9. September, 14.00 – [&hellip;]</p>
