{"id":2568,"date":"2026-08-19T14:28:46","date_gmt":"2026-08-19T12:28:46","guid":{"rendered":"https:\/\/gemaeldegalerie.dessau-rosslau.de\/?page_id=2568"},"modified":"2026-08-27T17:35:48","modified_gmt":"2026-08-27T15:35:48","slug":"sonderausstellung-grote","status":"publish","type":"page","link":"https:\/\/gemaeldegalerie-dessau-rosslau-de.datel-dessau.de\/?page_id=2568","title":{"rendered":"Sonderausstellung Grote"},"content":{"rendered":"\t\t<div data-elementor-type=\"wp-page\" data-elementor-id=\"2568\" class=\"elementor elementor-2568\" data-elementor-post-type=\"page\">\n\t\t\t\t\t\t\t<div class=\"elementor-element elementor-element-b66e25b e-flex e-con-boxed e-con e-parent\" data-id=\"b66e25b\" data-element_type=\"container\" data-settings=\"{&quot;content_width&quot;:&quot;boxed&quot;}\" data-core-v316-plus=\"true\">\n\t\t\t\t\t<div class=\"e-con-inner\">\n\t\t\t\t<div class=\"elementor-element elementor-element-193cf51 elementor-pagination-position-inside elementor-arrows-position-inside elementor-widget elementor-widget-image-carousel\" data-id=\"193cf51\" data-element_type=\"widget\" data-settings=\"{&quot;slides_to_show&quot;:&quot;1&quot;,&quot;speed&quot;:1000,&quot;navigation&quot;:&quot;both&quot;,&quot;autoplay&quot;:&quot;yes&quot;,&quot;pause_on_hover&quot;:&quot;yes&quot;,&quot;pause_on_interaction&quot;:&quot;yes&quot;,&quot;autoplay_speed&quot;:5000,&quot;infinite&quot;:&quot;yes&quot;,&quot;effect&quot;:&quot;slide&quot;}\" data-widget_type=\"image-carousel.default\">\n\t\t\t\t<div class=\"elementor-widget-container\">\n\t\t\t<style>\/*! elementor - v3.17.0 - 08-11-2023 *\/\n.elementor-widget-image-carousel .swiper,.elementor-widget-image-carousel .swiper-container{position:static}.elementor-widget-image-carousel .swiper-container .swiper-slide figure,.elementor-widget-image-carousel .swiper .swiper-slide figure{line-height:inherit}.elementor-widget-image-carousel .swiper-slide{text-align:center}.elementor-image-carousel-wrapper:not(.swiper-container-initialized):not(.swiper-initialized) .swiper-slide{max-width:calc(100% \/ var(--e-image-carousel-slides-to-show, 3))}<\/style>\t\t<div class=\"elementor-image-carousel-wrapper swiper\" dir=\"ltr\">\n\t\t\t<div class=\"elementor-image-carousel swiper-wrapper\" aria-live=\"off\">\n\t\t\t\t\t\t\t\t<div class=\"swiper-slide\" role=\"group\" aria-roledescription=\"slide\" aria-label=\"1 von 1\"><figure class=\"swiper-slide-inner\"><img decoding=\"async\" class=\"swiper-slide-image\" src=\"https:\/\/gemaeldegalerie-dessau-rosslau-de.datel-dessau.de\/wp-content\/uploads\/2026\/08\/GROTE-AM-SCHREIBTISCH-1927-Web.jpg\" alt=\"GROTE AM SCHREIBTISCH 1927 Web\" \/><\/figure><\/div>\t\t\t<\/div>\n\t\t\t\t\t<\/div>\n\t\t\t\t<\/div>\n\t\t\t\t<\/div>\n\t\t\t\t\t<\/div>\n\t\t\t\t<\/div>\n\t\t<div class=\"elementor-element elementor-element-8ca037a e-flex e-con-boxed e-con e-parent\" data-id=\"8ca037a\" data-element_type=\"container\" data-settings=\"{&quot;content_width&quot;:&quot;boxed&quot;}\" data-core-v316-plus=\"true\">\n\t\t\t\t\t<div class=\"e-con-inner\">\n\t\t\t\t<div class=\"elementor-element elementor-element-fd72f60 elementor-widget elementor-widget-heading\" data-id=\"fd72f60\" data-element_type=\"widget\" data-widget_type=\"heading.default\">\n\t\t\t\t<div class=\"elementor-widget-container\">\n\t\t\t<style>\/*! elementor - v3.17.0 - 08-11-2023 *\/\n.elementor-heading-title{padding:0;margin:0;line-height:1}.elementor-widget-heading .elementor-heading-title[class*=elementor-size-]>a{color:inherit;font-size:inherit;line-height:inherit}.elementor-widget-heading .elementor-heading-title.elementor-size-small{font-size:15px}.elementor-widget-heading .elementor-heading-title.elementor-size-medium{font-size:19px}.elementor-widget-heading .elementor-heading-title.elementor-size-large{font-size:29px}.elementor-widget-heading .elementor-heading-title.elementor-size-xl{font-size:39px}.elementor-widget-heading .elementor-heading-title.elementor-size-xxl{font-size:59px}<\/style><h2 class=\"elementor-heading-title elementor-size-default\">Konservator und Modernist. Ludwig Grote und das Dessauer Bauhaus<\/h2>\t\t<\/div>\n\t\t\t\t<\/div>\n\t\t\t\t<div class=\"elementor-element elementor-element-0542d4e elementor-widget elementor-widget-text-editor\" data-id=\"0542d4e\" data-element_type=\"widget\" data-widget_type=\"text-editor.default\">\n\t\t\t\t<div class=\"elementor-widget-container\">\n\t\t\t<style>\/*! elementor - v3.17.0 - 08-11-2023 *\/\n.elementor-widget-text-editor.elementor-drop-cap-view-stacked .elementor-drop-cap{background-color:#69727d;color:#fff}.elementor-widget-text-editor.elementor-drop-cap-view-framed .elementor-drop-cap{color:#69727d;border:3px solid;background-color:transparent}.elementor-widget-text-editor:not(.elementor-drop-cap-view-default) .elementor-drop-cap{margin-top:8px}.elementor-widget-text-editor:not(.elementor-drop-cap-view-default) .elementor-drop-cap-letter{width:1em;height:1em}.elementor-widget-text-editor .elementor-drop-cap{float:left;text-align:center;line-height:1;font-size:50px}.elementor-widget-text-editor .elementor-drop-cap-letter{display:inline-block}<\/style>\t\t\t\t<p>29. August bis 30. November 2026<br \/>\u00d6ffnungszeiten: t\u00e4glich 10 \u2013 18 Uhr, Dienstag geschlossen<\/p><p>Ludwig Grote (1893\u20131974) war eine pr\u00e4gende Gestalt im anhaltischen Kulturleben der Weimarer Republik. Seit 1924 war er als Landeskonservator oberster Denkmalpfleger und als Kunstwart des Anhaltischen Kunstvereins gleichzeitig f\u00fcr die Pflege der aktuellen<br \/>Kunst zust\u00e4ndig. 1925 holte er das Bauhaus aus Weimar nach Dessau und 1927 wurde er Direktor der neugegr\u00fcndeten Anhaltischen Gem\u00e4ldegalerie.<\/p><p>Die Ausstellung n\u00e4hert sich seiner Person \u00fcber eine bezeichnende Objektgruppe: 1927 lie\u00df sich Grote seine Dienstwohnung vom Bauhaus einrichten. Hinnerk Scheper gestaltete au\u00dfer der Wohnung auch die W\u00e4nde der Ausstellungsr\u00e4ume der Gem\u00e4ldegalerie. Marcel Breuer entwarf M\u00f6bel, welche in der Wohnung des frischgebackenen Direktors und Ehemanns aufgestellt wurden. Unter den f\u00fcr die Ausstellung nach Dessau zur\u00fcckgebrachten M\u00f6beln f\u00e4llt besonders der Schreibtisch auf, mit dem sich Grote auf einem inzwischen ikonisch gewordenen Foto festhalten lie\u00df.<\/p><p>Werke von Paul Klee, Wassily Kandinsky, Lyonel Feininger, L\u00e1szl\u00f3 Moholy-Nagy und Fritz Winter, welche Grote f\u00fcr sich und f\u00fcr sein Museum ankaufte und teilweise mit pers\u00f6nlichen Widmungen f\u00fcr ihn versehen sind, zeigen in der Ausstellung seine enge Verbindung zu den Bauhausk\u00fcnstlern und seine Bedeutung f\u00fcr die Vermittlung ihrer Kunst.<\/p><p>Die Schau steht im Rahmen des Jubil\u00e4ums \u201e100 Jahre Bauhaus Dessau\u201c und er\u00f6ffnet gleichzeitig das Festjahr zum hundertsten Geburtstag der Anhaltischen Gem\u00e4ldegalerie, das 2027 mit weiteren Beitr\u00e4gen fortgesetzt wird.<\/p><p>Er\u00f6ffnung: 29.08.2026, 15 Uhr, im Tischbein-Saal des Schlosses Georgium<\/p><p>Zu Ludwig Grote, seiner Beziehung zum Bauhaus sowie seiner Rolle bei der Einrichtung der Anhaltischen Gem\u00e4ldegalerie und des Schlossmuseums Oranienbaum erscheint im Herbst 2026 im Mitteldeutschen Verlag Halle ein <a href=\"https:\/\/www.mitteldeutscherverlag.de\/kunst\/alle-titel-kunst\/walczak,-gerrit-konservator-und-modernist-ludwig-grote-und-das-bauhaus,-1925-1932-detail\" target=\"_blank\" rel=\"noopener\"><span style=\"text-decoration: underline;\">Buch von Gerrit Walczak<\/span><\/a>, welches von der Anhaltischen Gem\u00e4ldegalerie Dessau und der Kulturstiftung Dessau-W\u00f6rlitz herausgegeben wird.<\/p><p>Die Ausstellung wird gef\u00f6rdert durch das Land Sachsen-Anhalt.<\/p><p>Die Ausstellung und das Buch werden gef\u00f6rdert durch den F\u00f6rderverein \u201eAnhaltische Gem\u00e4ldegalerie und Georgengarten\u201c Dessau e.V.<\/p><p>Bis zum 18. Oktober ist im Schloss Oranienbaum die <span style=\"text-decoration: underline;\"><a href=\"https:\/\/www.gartenreich.de\/de\/ausstellungen\/dialog-in-pastell\/ksdws\" target=\"_blank\" rel=\"noopener\">Ausstellung &#8222;Dialog in Pastell&#8220;<\/a><\/span> zu sehen, welche sich mit den im Auftrag Ludwig Grotes ab 1927 vom Bauhausmeister Hinnerk Scheper erstellten farbigen Raumfassungen im Schloss besch\u00e4ftigt. Die f\u00fcr eine Filialgalerie der Anhaltischen Gem\u00e4ldegalerie gedachten R\u00e4ume stellen ein einmaliges Beispiel einer original erhaltenen Innenraumgestaltung des Bauhauses dar.<\/p>\t\t\t\t\t\t<\/div>\n\t\t\t\t<\/div>\n\t\t\t\t\t<\/div>\n\t\t\t\t<\/div>\n\t\t\t\t\t\t\t<\/div>\n\t\t","protected":false},"excerpt":{"rendered":"<p>Konservator und Modernist. Ludwig Grote und das Dessauer Bauhaus 29. August bis 30. November 2026\u00d6ffnungszeiten: t\u00e4glich 10 \u2013 18 Uhr, Dienstag geschlossen Ludwig Grote (1893\u20131974) war eine pr\u00e4gende Gestalt im anhaltischen Kulturleben der Weimarer Republik. Seit 1924 war er als Landeskonservator oberster Denkmalpfleger und als Kunstwart des Anhaltischen Kunstvereins gleichzeitig f\u00fcr die Pflege der aktuellenKunst [&hellip;]<\/p>\n","protected":false},"author":1,"featured_media":0,"parent":0,"menu_order":0,"comment_status":"closed","ping_status":"closed","template":"","meta":{"footnotes":""},"class_list":["post-2568","page","type-page","status-publish","hentry"],"_links":{"self":[{"href":"https:\/\/gemaeldegalerie-dessau-rosslau-de.datel-dessau.de\/index.php?rest_route=\/wp\/v2\/pages\/2568","targetHints":{"allow":["GET"]}}],"collection":[{"href":"https:\/\/gemaeldegalerie-dessau-rosslau-de.datel-dessau.de\/index.php?rest_route=\/wp\/v2\/pages"}],"about":[{"href":"https:\/\/gemaeldegalerie-dessau-rosslau-de.datel-dessau.de\/index.php?rest_route=\/wp\/v2\/types\/page"}],"author":[{"embeddable":true,"href":"https:\/\/gemaeldegalerie-dessau-rosslau-de.datel-dessau.de\/index.php?rest_route=\/wp\/v2\/users\/1"}],"replies":[{"embeddable":true,"href":"https:\/\/gemaeldegalerie-dessau-rosslau-de.datel-dessau.de\/index.php?rest_route=%2Fwp%2Fv2%2Fcomments&post=2568"}],"version-history":[{"count":19,"href":"https:\/\/gemaeldegalerie-dessau-rosslau-de.datel-dessau.de\/index.php?rest_route=\/wp\/v2\/pages\/2568\/revisions"}],"predecessor-version":[{"id":2607,"href":"https:\/\/gemaeldegalerie-dessau-rosslau-de.datel-dessau.de\/index.php?rest_route=\/wp\/v2\/pages\/2568\/revisions\/2607"}],"wp:attachment":[{"href":"https:\/\/gemaeldegalerie-dessau-rosslau-de.datel-dessau.de\/index.php?rest_route=%2Fwp%2Fv2%2Fmedia&parent=2568"}],"curies":[{"name":"wp","href":"https:\/\/api.w.org\/{rel}","templated":true}]}}

<div data-elementor-type="wp-page" data-elementor-id="2568" class="elementor elementor-2568" data-elementor-post-type="page">
							<div class="elementor-element elementor-element-b66e25b e-flex e-con-boxed e-con e-parent" data-id="b66e25b" data-element_type="container" data-settings="{&quot;content_width&quot;:&quot;boxed&quot;}" data-core-v316-plus="true">
					<div class="e-con-inner">
				<div class="elementor-element elementor-element-193cf51 elementor-pagination-position-inside elementor-arrows-position-inside elementor-widget elementor-widget-image-carousel" data-id="193cf51" data-element_type="widget" data-settings="{&quot;slides_to_show&quot;:&quot;1&quot;,&quot;speed&quot;:1000,&quot;navigation&quot;:&quot;both&quot;,&quot;autoplay&quot;:&quot;yes&quot;,&quot;pause_on_hover&quot;:&quot;yes&quot;,&quot;pause_on_interaction&quot;:&quot;yes&quot;,&quot;autoplay_speed&quot;:5000,&quot;infinite&quot;:&quot;yes&quot;,&quot;effect&quot;:&quot;slide&quot;}" data-widget_type="image-carousel.default">
				<div class="elementor-widget-container">
			<style>/*! elementor - v3.17.0 - 08-11-2023 */
.elementor-widget-image-carousel .swiper,.elementor-widget-image-carousel .swiper-container{position:static}.elementor-widget-image-carousel .swiper-container .swiper-slide figure,.elementor-widget-image-carousel .swiper .swiper-slide figure{line-height:inherit}.elementor-widget-image-carousel .swiper-slide{text-align:center}.elementor-image-carousel-wrapper:not(.swiper-container-initialized):not(.swiper-initialized) .swiper-slide{max-width:calc(100% / var(--e-image-carousel-slides-to-show, 3))}</style>		<div class="elementor-image-carousel-wrapper swiper" dir="ltr">
			<div class="elementor-image-carousel swiper-wrapper" aria-live="off">
								<div class="swiper-slide" role="group" aria-roledescription="slide" aria-label="1 von 1"><figure class="swiper-slide-inner"><img decoding="async" class="swiper-slide-image" src="https://gemaeldegalerie-dessau-rosslau-de.datel-dessau.de/wp-content/uploads/2026/08/GROTE-AM-SCHREIBTISCH-1927-Web.jpg" alt="GROTE AM SCHREIBTISCH 1927 Web" /></figure></div>			</div>
					</div>
				</div>
				</div>
					</div>
				</div>
		<div class="elementor-element elementor-element-8ca037a e-flex e-con-boxed e-con e-parent" data-id="8ca037a" data-element_type="container" data-settings="{&quot;content_width&quot;:&quot;boxed&quot;}" data-core-v316-plus="true">
					<div class="e-con-inner">
				<div class="elementor-element elementor-element-fd72f60 elementor-widget elementor-widget-heading" data-id="fd72f60" data-element_type="widget" data-widget_type="heading.default">
				<div class="elementor-widget-container">
			<style>/*! elementor - v3.17.0 - 08-11-2023 */
.elementor-heading-title{padding:0;margin:0;line-height:1}.elementor-widget-heading .elementor-heading-title[class*=elementor-size-]>a{color:inherit;font-size:inherit;line-height:inherit}.elementor-widget-heading .elementor-heading-title.elementor-size-small{font-size:15px}.elementor-widget-heading .elementor-heading-title.elementor-size-medium{font-size:19px}.elementor-widget-heading .elementor-heading-title.elementor-size-large{font-size:29px}.elementor-widget-heading .elementor-heading-title.elementor-size-xl{font-size:39px}.elementor-widget-heading .elementor-heading-title.elementor-size-xxl{font-size:59px}</style><h2 class="elementor-heading-title elementor-size-default">Konservator und Modernist. Ludwig Grote und das Dessauer Bauhaus</h2>		</div>
				</div>
				<div class="elementor-element elementor-element-0542d4e elementor-widget elementor-widget-text-editor" data-id="0542d4e" data-element_type="widget" data-widget_type="text-editor.default">
				<div class="elementor-widget-container">
			<style>/*! elementor - v3.17.0 - 08-11-2023 */
.elementor-widget-text-editor.elementor-drop-cap-view-stacked .elementor-drop-cap{background-color:#69727d;color:#fff}.elementor-widget-text-editor.elementor-drop-cap-view-framed .elementor-drop-cap{color:#69727d;border:3px solid;background-color:transparent}.elementor-widget-text-editor:not(.elementor-drop-cap-view-default) .elementor-drop-cap{margin-top:8px}.elementor-widget-text-editor:not(.elementor-drop-cap-view-default) .elementor-drop-cap-letter{width:1em;height:1em}.elementor-widget-text-editor .elementor-drop-cap{float:left;text-align:center;line-height:1;font-size:50px}.elementor-widget-text-editor .elementor-drop-cap-letter{display:inline-block}</style>				<p>29. August bis 30. November 2026<br />Öffnungszeiten: täglich 10 – 18 Uhr, Dienstag geschlossen</p><p>Ludwig Grote (1893–1974) war eine prägende Gestalt im anhaltischen Kulturleben der Weimarer Republik. Seit 1924 war er als Landeskonservator oberster Denkmalpfleger und als Kunstwart des Anhaltischen Kunstvereins gleichzeitig für die Pflege der aktuellen<br />Kunst zuständig. 1925 holte er das Bauhaus aus Weimar nach Dessau und 1927 wurde er Direktor der neugegründeten Anhaltischen Gemäldegalerie.</p><p>Die Ausstellung nähert sich seiner Person über eine bezeichnende Objektgruppe: 1927 ließ sich Grote seine Dienstwohnung vom Bauhaus einrichten. Hinnerk Scheper gestaltete außer der Wohnung auch die Wände der Ausstellungsräume der Gemäldegalerie. Marcel Breuer entwarf Möbel, welche in der Wohnung des frischgebackenen Direktors und Ehemanns aufgestellt wurden. Unter den für die Ausstellung nach Dessau zurückgebrachten Möbeln fällt besonders der Schreibtisch auf, mit dem sich Grote auf einem inzwischen ikonisch gewordenen Foto festhalten ließ.</p><p>Werke von Paul Klee, Wassily Kandinsky, Lyonel Feininger, László Moholy-Nagy und Fritz Winter, welche Grote für sich und für sein Museum ankaufte und teilweise mit persönlichen Widmungen für ihn versehen sind, zeigen in der Ausstellung seine enge Verbindung zu den Bauhauskünstlern und seine Bedeutung für die Vermittlung ihrer Kunst.</p><p>Die Schau steht im Rahmen des Jubiläums „100 Jahre Bauhaus Dessau“ und eröffnet gleichzeitig das Festjahr zum hundertsten Geburtstag der Anhaltischen Gemäldegalerie, das 2027 mit weiteren Beiträgen fortgesetzt wird.</p><p>Eröffnung: 29.08.2026, 15 Uhr, im Tischbein-Saal des Schlosses Georgium</p><p>Zu Ludwig Grote, seiner Beziehung zum Bauhaus sowie seiner Rolle bei der Einrichtung der Anhaltischen Gemäldegalerie und des Schlossmuseums Oranienbaum erscheint im Herbst 2026 im Mitteldeutschen Verlag Halle ein <a href="https://www.mitteldeutscherverlag.de/kunst/alle-titel-kunst/walczak,-gerrit-konservator-und-modernist-ludwig-grote-und-das-bauhaus,-1925-1932-detail" target="_blank" rel="noopener"><span style="text-decoration: underline;">Buch von Gerrit Walczak</span></a>, welches von der Anhaltischen Gemäldegalerie Dessau und der Kulturstiftung Dessau-Wörlitz herausgegeben wird.</p><p>Die Ausstellung wird gefördert durch das Land Sachsen-Anhalt.</p><p>Die Ausstellung und das Buch werden gefördert durch den Förderverein „Anhaltische Gemäldegalerie und Georgengarten“ Dessau e.V.</p><p>Bis zum 18. Oktober ist im Schloss Oranienbaum die <span style="text-decoration: underline;"><a href="https://www.gartenreich.de/de/ausstellungen/dialog-in-pastell/ksdws" target="_blank" rel="noopener">Ausstellung &#8222;Dialog in Pastell&#8220;</a></span> zu sehen, welche sich mit den im Auftrag Ludwig Grotes ab 1927 vom Bauhausmeister Hinnerk Scheper erstellten farbigen Raumfassungen im Schloss beschäftigt. Die für eine Filialgalerie der Anhaltischen Gemäldegalerie gedachten Räume stellen ein einmaliges Beispiel einer original erhaltenen Innenraumgestaltung des Bauhauses dar.</p>						</div>
				</div>
					</div>
				</div>
							</div>

<p>Konservator und Modernist. Ludwig Grote und das Dessauer Bauhaus 29. August bis 30. November 2026Öffnungszeiten: täglich 10 – 18 Uhr, Dienstag geschlossen Ludwig Grote (1893–1974) war eine prägende Gestalt im anhaltischen Kulturleben der Weimarer Republik. Seit 1924 war er als Landeskonservator oberster Denkmalpfleger und als Kunstwart des Anhaltischen Kunstvereins gleichzeitig für die Pflege der aktuellenKunst [&hellip;]</p>
